-2)?
8
Let k(h) = h**2 + h. Let z be 0/(-3) - 3/(-1). Determine k(z).
12
Let f(h) be the third derivative of h**7/2520 + h**6/144 + h**5/30 + h**4/8 - 3*h**2. Let d(u) be the second derivative of f(u). Determine d(-5).
4
Let m(v) = v + 8*v**2 + v**2 - 10*v**2. Give m(2).
-2
Suppose -3*i - 16 = -5*a, -12*a = -14*a - 4*i - 4. Let t(h) be the second derivative of -1/3*h**3 - 3/2*h**a + 0 + h. Determine t(-2).
1
Suppose -3*o - o = -12. Let q(d) be the first derivative of 1/2*d**2 - o - d + 1/3*d**3 - 3/4*d**4. Determine q(1).
-2
Let l(b) = -b**2 + 6*b. Let m(q) be the third derivative of q**5/60 - 7*q**4/24 + 3*q**2. Let g be m(5). Let w be (1/2)/((-1)/g). Determine l(w).
5
Suppose 10 = 2*l + 4*z, 3*l + 6*z = z + 10. Let f(m) = 5*m - 3. Let u(i) = -11*i + 6. Let n(w) = 13*f(w) + 6*u(w). What is n(l)?
2
Let k(q) = -q**2 - q - 8. Let j be k(0). Let a = j + 9. Suppose -4*g + a - 9 = 0. Let v(p) = -3*p**2 - p + 2. Give v(g).
-8
Let r(w) = w**3 - w**2 + w - 1. Suppose -4 = 5*l - 9*l. What is r(l)?
0
Let y(d) = 20*d**3 - d**2 + 10*d - 29. Let j(r) = -11*r**3 - 5*r + 15. Let z(b) = -11*j(b) - 6*y(b). Let v = -4 - 3. Determine z(v).
-5
Let l(u) = -u**2 - 10*u. Suppose 9 = 6*t - 7*t. Give l(t).
9
Let w(q) = q**2 + 5*q + 2. Let s be w(-6). Let k be (-15)/(4 + -1) - 0. Let u = k + s. Let a(y) = y - 6. What is a(u)?
-3
Let d(v) = -v. Suppose -b + 6 - 2 = 0. Let k be d(b). Let j(z) = 4 - 4*z**2 + z**3 + 0*z - 2*z**3 + 2*z. Calculate j(k).
-4
Let d = -56 - -89. Let l(u) = d*u**3 - 4*u**2 - 32*u**3 + 2*u + 1 + 7*u**2. Give l(-2).
1
Suppose -12 = -2*i - 2*g - g, -g + 2 = 0. Let q = 15 - 8. Let j(y) = 2*y - 2*y - q*y + y**2 + 4 + 2*y. What is j(i)?
-2
Let w(z) = -z**3 + 2*z**2 + 5*z - 2. Suppose -4*l = 4*t + t - 31, -5*l + 23 = t. Give w(t).
4
Suppose -3*s + 9 = -3. Let y = -2 - -7. Let o(z) = -3 - y*z - z**2 + 4*z - s*z. What is o(-4)?
1
Let v(p) = -2*p + 4. Let o(a) = -a**3 + 4*a**2. Let i be o(4). Suppose x = 4 - i. Calculate v(x).
-4
Let d(o) = o**2 - 3 + 150*o - 72*o - 78*o. Calculate d(3).
6
Suppose 0 = -2*k - 0*k + 12. Let x(b) = 0 - 4 + 5*b**2 + 2*b**2 - k*b**2. Calculate x(3).
5
Let n(c) = 4*c**3 + 2*c**2 - 1. Let f = -6 - -10. Suppose 4 = -2*a + f*r - 0, 2*a + r - 16 = 0. Suppose -2*d + 13 = -5*t, -5*d + 3*t + 10 = -a*d. Give n(d).
-3
Let x(j) = j**3 + 6*j**2 - 17*j - 13. Let o be x(-8). Let d(t) = t**2 + 3*t - 2. What is d(o)?
8
Let u(f) = -f**3 - 7*f**2 + 2*f + 6. Let r(h) = -3*h**3 - 20*h**2 + 5*h + 17. Let w(m) = -4*r(m) + 11*u(m). What is w(-3)?
-8
Let n(x) = -x**2 + 3*x - 2. Let t = -67 - -115. Suppose -3*j = -j + t. Let k be (j/15)/(2/(-5)). Determine n(k).
-6
Let o(p) = p + 0 + 2*p - 1. Determine o(3).
8
Let w(s) be the third derivative of -s**6/120 - s**5/20 + s**4/24 + 2*s**3/3 - 21*s**2. Give w(-3).
1
Let f(o) be the first derivative of o**2 + 4*o - 5. Give f(-4).
-4
Let s(h) = -2*h - 4*h**2 - h**2 + h**3 + 0*h + 7 + 0*h**2. Calculate s(5).
-3
Let j(m) be the second derivative of -6*m - 5/6*m**3 - 1/6*m**4 + 0 + 1/2*m**2. Give j(-4).
-11
Let s(m) = -3*m**2 - 7*m + 5. Let a(l) = l**2 + 3*l - 2. Let j be (42/(-15) + 1)*-5. Let o(w) = j*a(w) + 4*s(w). Determine o(-2).
-8
Suppose -2*s - 6 = -2*d, 0*d - 4*d + 9 = -5*s. Let m(y) = 0*y + y**2 + 3 + d*y - 10*y + 0*y**2. What is m(3)?
0
Suppose 17 = v + 5*a - a, 0 = -2*v - a + 27. Suppose 3*c + 3*w + 4 = v, -11 = -4*c - 5*w. Let g(n) be the first derivative of n**2/2 - n - 159. Determine g(c).
3
Let h(t) = -t**2 - 5*t. Let r(p) = -2*p**2 - 4*p. Let l(o) = 4*h(o) - 5*r(o). Suppose -4*v = 3*w - 6*w + 4, 4*v + 4 = 4*w. Calculate l(v).
6
Let q(p) = -p**2 - 9*p - 8. Let u(v) = -v - 1. Let i(o) = -q(o) + 2*u(o). Suppose -n - 2 = 4. Calculate i(n).
0
Let p(r) = 7*r - 20*r + 2*r + 1. Determine p(-1).
12
Let o be (1 - 10)*(1 - 2). Suppose -w = 2*w - o. Let f(q) = -4*q + 5*q + q**w - 2 - 1 + 4*q**2. Calculate f(-4).
-7
Let u(n) = -3 - 7*n**3 - 3*n**2 + 4*n**3 - 2*n + 2*n**3. Determine u(-3).
3
Let p = -26 + 26. Let d(q) be the first derivative of -2/3*q**3 + p*q + 0*q**2 + 1. Determine d(-1).
-2
Let v(d) = -d - 1. Let w be v(-6). Suppose -a - 24 = -w*a. Let z(k) = k - 3. Give z(a).
3
Let n(w) = -3*w**3 + w + 5. Let t(m) be the second derivative of -m**5/5 + 3*m**2 + 8*m. Suppose 5*p - 3 = 7. Let v(b) = p*t(b) - 3*n(b). Give v(-2).
-5
Suppose 4*b - 15 = 3*x + 2, 0 = -b + 4*x + 14. Suppose -11 = 3*i - 4*w - 3, -4 = i - b*w. Let p(d) = -d**2 + 1 + 0*d + 2*d - d**3 - d. Give p(i).
1
Suppose 4*t - 4*s = 28 - 4, s - 9 = -2*t. Let b(p) = p**3 - 4*p**2 - 5*p - 4. Let d be b(t). Let g(i) = i**2 + 3*i + 6. Determine g(d).
10
Suppose -2*j = -3 - 3, 5*q - 32 = -4*j. Suppose 5*m + 17 = q*v, 4 = -2*v - 2*m - 10. Let n(g) = g**3 + g**2 - 4*g - 3. What is n(v)?
1
Suppose -v + 5 = 2*u, 0 = -v - 4 + 1. Let k = 5 - u. Let r(n) = 2*n**3 - 3*n**3 - 3*n**3. Give r(k).
-4
Let w(h) = h**3 - 8*h**2 + 7*h - 1. Let x be w(7). Let p = 1 - x. Let f(s) = -2*s - 5*s**p + 1 + 3*s - s**2. Determine f(-1).
-6
Suppose -4*p + 5*p - 2 = 0. Let r(k) = k**p + 4 - 1 - 8 - 5*k + 6. Let g = -12 - -17. Give r(g).
1
Let g(r) be the second derivative of r**4/12 + r**3/2 + r**2/2 - 13*r. Determine g(-1).
-1
Let d be (2 + 1 - -1)/(-1). Let g(l) be the first derivative of l**3/3 + 7*l**2/2 + 1. What is g(d)?
-12
Let o(i) = -3*i - 1. Let c(t) = 16*t + 6. Let f(s) = -2*c(s) - 11*o(s). Let b = -56 + 53. Determine f(b).
-4
Let r(p) = p. Let m(o) be the third derivative of 0 - 2*o**2 + 1/8*o**4 - o**3 + 0*o. Let l(v) = -m(v) + 4*r(v). Give l(0).
6
Let r(h) = -h**2 + 0 - 4*h + 4 - 2*h + 5. Let p(v) = -v**2 - 7*v + 10. Let y(n) = 5*p(n) - 6*r(n). What is y(0)?
-4
Let p(g) = 2*g + 2. Suppose 0 = 2*w - 7*w - 15. Give p(w).
-4
Let g(j) = -j**2 - 6*j - 6. Let t = -6 + 13. Let v = t - 12. What is g(v)?
-1
Suppose 3*t + 4*r = -37, -3*t - 6*r - 41 = -r. Let j = t - -8. Let z(v) = -3*v + 1 + 0*v + v. Give z(j).
-1
Let d(n) be the second derivative of -n**4/12 + n**3 - 2*n**2 + 29*n. Calculate d(5).
1
Let h(z) = z**3 - 5*z**2 - 4*z + 5. Let x = -10 + 15. Determine h(x).
-15
Let m(i) be the first derivative of -i**3/3 - 5*i**2/2 - 3*i - 5. Calculate m(-5).
-3
Suppose 6 = -4*f - 2. Let v be f + 5 - (-1 + 3). Let o(q) = 5*q - 1. What is o(v)?
4
Let o(c) = -c - 4. Let s(b) = -1. Let a(k) = -o(k) + 4*s(k). Give a(-2).
-2
Let w(u) = -4*u**3 + 3*u**2 + 4*u. Let t(r) = -r**3 + r**2. Let z(f) = -3*t(f) + w(f). Calculate z(3).
-15
Let u be (-1)/(-3)*3*-4. Let p(c) = -c - 3. What is p(u)?
1
Let r(k) = -2*k + 2. Suppose -3*m + 4*m - 4 = 0. Suppose 7 - 23 = -m*f. Give r(f).
-6
Let y(h) = 0*h + h + 94 - 93. Let p be y(-4). Let x(f) = f**3 + 3*f**2 - f + 3. Give x(p).
6
Let p be (-6)/(-4)*86/3. Suppose 5*j - p = -3*z, 2*j + 5 - 24 = -3*z. Suppose -3*q + 2*r - j = 0, -4*q + 4*r = -r + 20. Let f(x) = -x**3 + x**2 + 6. Give f(q).
6
Let x = 2 + 12. Suppose 12 = -3*d, -4*s + x + 6 = -4*d. Let o(m) = -s + m**2 - 3*m**2 + 2 - 3*m**2. Determine o(1).
-4
Let p(x) = -3*x + 1. Let m(f) = 7*f - 2. Let i(b) = 2*m(b) + 5*p(b). What is i(6)?
-5
Let b(a) = -3*a - 4. Let y(z) = 4*z - 1. Let h be y(1). Let n(w) = 6*w - h*w + 6 - 1. Let l(k) = 4*b(k) + 3*n(k). What is l(-3)?
8
Suppose 3*g - 17 = -z, 5*z + 4*g - 30 = -0*g. Let n(q) = -6*q - z + q - 5 + 6*q. Determine n(5).
-2
Let j(h) = 7*h + 1. Let r(b) = -6*b + 1. Let t(l) = -4*j(l) - 5*r(l). Let i = 6 - 0. Give t(i).
3
Let b(q) = -5*q + 6. Let u(y) = y**2 - 10*y + 13. Let a(t) = -5*b(t) + 2*u(t). Determine a(-4).
8
Let o(t) = -46*t - 16. Let g(z) = -9*z - 3. Let d = -15 + -1. Let n(k) = d*g(k) + 3*o(k). Give n(1).
6
Let t(u) = -2 - 3 + 2 - 7 + u. Give t(0).
-10
Let p(v) be the second derivative of -v**4/12 + v**2/2 - 12*v. What is p(-2)?
-3
Let l = -6 + 8. Let q(z) = z**2 - z + l*z - 2 - 7. Suppose -o - 16 = 4*i + 3*o, 4 = 2*i - o. What is q(i)?
-9
Let v(y) = y**2 - 4*y + 4. Let c(t) = -t. Suppose -2*b - 4 = 2*b. Let d(n) = b*v(n) - 2*c(n). Calculate d(6).
-4
Let t be 1/((-10)/4 + 2). Let j(z) be the second derivative of -3/2*z**2 + 0 - 5/6*z**3 + 4*z. Determine j(t).
7
Let t(m) be the third derivative of 0 - 1/30*m**5 - 3*m**2 - m**3 + 0*m - 7/24*m**4. Calculate t(-4).
-10
Let x(q) = 2*q**3 - 2*q**2 + q. Suppose w = -3*w + l - 13, -5*l + 35 = -5*w. What is x(w)?
-26
Let j(n) = n - 1. Suppose -2*l - 2*v = 3*l - 8, 3*v - 12 = -2*l. Give j(l).
-1
Let f 